(i) = 2*i - 24. Let d(c) = c - 11. Let v(a) = 9*d(a) - 4*j(a). Suppose 0 = -4*y + 5*m + 42, 2*m = -y + 3*m + 10. Suppose y + 0 = -2*r. Give v(r).
-7
Let u(c) = -152*c**2 + 306*c**2 - 39 - 152*c**2 - 30*c. Give u(16).
-7
Let z be (-4)/18 - (-76)/18. Suppose 12 = -z*d + d. Let j(y) = -2 - 33*y + 66*y + y**2 - 28*y. Calculate j(d).
-6
Let h(v) = v**3 - 4 - v**2 - 7*v**2 + 11*v**2 - 3*v. Suppose 5 + 44 = j. Let i be 48/(-14) + 21/j. What is h(i)?
5
Let a be (-5)/(-15) + 17/3. Let g = 8 - a. Let n(v) = -v**3 + 4*v**2 - 3*v. Calculate n(g).
2
Let y(b) = 2*b**3 - b**2 + 2*b - 2. Suppose 394 = -c + 396. Give y(c).
14
Let c(f) = -2 + 162*f - 322*f + 158*f. What is c(-9)?
16
Let k(j) = -5 + 5*j**3 + 7 + j - 4*j**3. Let r be 6 + -6 - (-3 - 1). Suppose 2*x - 2*s = -r*s, -4*s = x. Give k(x).
2
Let m(d) = -4*d**3 + 18*d**2 + 7*d + 8. Let w(j) = -3*j**3 + 15*j**2 + 6*j + 6. Let g(r) = 4*m(r) - 5*w(r). Let o = 2 + -5. Determine g(o).
8
Suppose -2*a + 6 = 2*u, 5*a - 5*u = 31 - 6. Suppose -3*f = y - a, 2*y - 5*f + 3*f - 8 = 0. Let i(v) = v**2 - 4*v - 1. Calculate i(y).
-1
Let n(s) = 2*s**3 - 6*s**2 - 9*s + 7. Let z(o) = o**3 - 3*o**2 - 5*o + 4. Let l(w) = -2*n(w) + 5*z(w). Let f = 166 + -162. What is l(f)?
-6
Let z(p) = -p - 1. Let l be z(-1). Suppose -24*x + 10 = -19*x. Let b(c) = -126 + 3*c - 3*c + c**x + 120. Give b(l).
-6
Suppose 4*i + 4 = 6*i. Let l(k) = -5*k + k**2 - 2*k**i - 25 - k + 24. Let m = -1 + -5. Calculate l(m).
-1
Let u = -442 + 434. Let d(x) = -x**3 - 7*x**2 + 13*x + 9. Give d(u).
-31
Let v(m) be the first derivative of 19*m**4/4 - 2*m**3/3 + m**2/2 - 30. Let d be ((-4)/8*2)/(-1). Determine v(d).
18
Let w(v) = -5*v. Let s be -4 - (-11 + 1 + -4). Suppose s*h - 8*h = -2. Give w(h).
5
Suppose 0 = -s + 4*b - 19, s + 3*b = -2*s - 12. Let x(r) = r**2 + 5*r - 9. Calculate x(s).
5
Let g(u) be the third derivative of -u**8/6720 + u**7/2520 + u**6/720 - u**5/120 - u**4/3 + 8*u**2. Let n(f) be the second derivative of g(f). Calculate n(2).
-3
Let n(a) be the first derivative of -a**3/3 + 11*a**2/2 - 21*a - 5. Let v be (9 + -3)*(-3)/(-2). Let c be n(v). Let i(o) = o**3 + o**2 - o + 4. Give i(c).
-11
Let t be (-9 + 0)/(-3 + 2). Let s(g) be the third derivative of -g**6/120 + 2*g**5/15 + 3*g**4/8 + 1505*g**2. What is s(t)?
0
Let z(p) be the third derivative of -p**5/60 - p**4/4 + 7*p**3/6 - 4*p**2. Let s be z(-7). Suppose 0*y + 8*y - 32 = s. Let g(c) = c**2 - 3*c - 4. What is g(y)?
0
Let x(t) be the second derivative of t**3/6 + t**2/2 - 67*t - 2. Determine x(-7).
-6
Let y be (-6)/(-9) - 2/3. Suppose 0*i + 4*i - 16 = y. Let n(g) be the second derivative of -g**4/12 + 5*g**3/6 + g**2/2 - 5*g. What is n(i)?
5
Let g(u) = u**2 - 29*u - 170. Let t be g(-5). Let l(a) = -2*a**2 - a + 2. Determine l(t).
2
Let r(i) be the second derivative of -i**3/6 + 4*i**2 - 2*i. Suppose -33 + 54 = 3*w. Calculate r(w).
1
Let d(c) = -c**3 - 4. Suppose -2*v = w + 2, -24 = -3*w + 3*v - 3. Suppose w*o = o. Let l be (o*(-4 - -3))/1. Calculate d(l).
-4
Let o(h) = -2*h**2 + 6*h**2 - 2*h - h**2 + 2*h**2 - 3 - 3*h**2. Suppose -a + 2 = -1. What is o(a)?
9
Let p(v) = -13*v + 12. Let w be p(-4). Let b(k) = -55 + 121 - w + 2*k. Calculate b(2).
6
Let x(r) = r - 9. Let y(n) = -2*n**3 - 12*n**2 - 12*n - 2. Let t be y(-5). Give x(t).
-1
Let v(q) = -6*q + 3*q - 11 + 6*q + 24. Let r be v(-4). Let a(s) be the second derivative of 3*s**5/20 + s**4/6 - s**2/2 + 2*s. Determine a(r).
4
Let n(c) = -5*c**3 - 9*c**2 + 12*c - 7. Let q(p) = 9*p**3 + 18*p**2 - 23*p + 12. Let g(i) = -11*n(i) - 6*q(i). Give g(8).
-11
Let q(w) = 13*w - 1. Suppose -4*z + 37 = 5*m, -2*z - 30 = -7*z - 3*m. What is q(z)?
38
Let q(i) = 26*i + 4. Let y(k) = -31*k - 6. Let n(h) = -6*q(h) - 5*y(h). Give n(9).
-3
Let d(i) = i**2 + i. Let c(n) = n**3 + 13*n**2 - 13*n + 18. Let t be c(-14). Suppose 0 = v + t*v - 5*k, -4*v = 3*k - 14. Give d(v).
6
Let g(y) = 15*y**2 - y + 1. Let u = -1010 + 1011. Determine g(u).
15
Let z(v) = -v + 10. Let o(j) = -2*j + 20. Let q(n) = 4*o(n) - 9*z(n). Let i be 54 - 55 - (0 + -1). What is q(i)?
-10
Let t(k) = k**3 - 2 + 4 - 6*k + 6*k**2 + 4. Let a be t(-7). Let p(f) = 14*f - 1. Let u(c) = -13*c + 1. Let x(z) = -6*p(z) - 7*u(z). What is x(a)?
-8
Let h(i) be the first derivative of -i**2 - 3*i + 4*i - 1 - 2 + 1. Suppose -14 = -5*a - 3*r, -5*a + 5 = -2*r + 6. Give h(a).
-1
Let w(p) = -408*p**2 + 1 - 1 + 2*p + 2 + 409*p**2. Let i(c) = -c**2 + 6*c - 3. Let g be i(6). Give w(g).
5
Let a = -32 + 37. Suppose -3 = 3*q + 4*j - 0*j, -3 = 3*q - a*j. Let l be 2*(q + 4)/(-6). Let g(u) = 6*u**2 + u. What is g(l)?
5
Let i = -64 + 68. Let t(z) = z + 1. Let p(v) = -3*v - 6. Let a(k) = i*t(k) + p(k). Determine a(2).
0
Let w = 379 + -372. Let g(k) = -k**2 + 10*k - 12. Give g(w).
9
Let p(y) = 7*y**3 + 8*y**2 - 13*y + 10. Let i(d) = -3*d**3 - 4*d**2 + 6*d - 5. Let u(s) = 5*i(s) + 2*p(s). What is u(-4)?
-21
Let u(x) = -x**2 + 5*x - 1. Suppose -3*f + 11 = 4*p, -p + 2 = 3*f + 6. Let c(t) = t**2 - 4*t. Let o(b) = f*u(b) - 4*c(b). Determine o(0).
3
Let k(v) = 2*v - 3. Let f(m) = 2*m - 3. Let p(y) = -6*f(y) + 5*k(y). Let h be (-4 + 1)/(6/(-12)). Give p(h).
-9
Let q(z) be the second derivative of z**3/6 + z**2 - 2*z + 59. Let k(x) = -6*x. Let j be k(-1). Determine q(j).
8
Let k(r) = 3*r**3 - 29*r**2 - 12. Let n(v) = v**3 - 11*v**2 - 4. Let a(w) = 4*k(w) - 11*n(w). Give a(-3).
14
Let z(q) be the third derivative of -q**4/24 + 2*q**3/3 + 3*q**2 - 3. What is z(-6)?
10
Let i(t) = -t**2 - t + 12. Suppose -3*w - p = -3*p - 9, -6 = -2*w - 2*p. Suppose -w*j = -2*q, 0*q - 4*q = 3*j. Give i(j).
12
Let g(d) = 2*d**3 - 2*d**2 - 7*d + 4. Let h be ((-18 + 15)/3)/((-1)/3). Give g(h).
19
Let m(g) be the third derivative of g**8/10080 + g**7/1008 - g**6/240 + 19*g**5/60 - 21*g**2. Let a(b) be the third derivative of m(b). Give a(-4).
9
Let x(p) = p**2 + 7*p + 2. Let i be ((-2)/8)/((-2)/40). Suppose 2*g - 3*t = 2*t + 1, i*t = -3*g - 36. Determine x(g).
2
Let x be ((-14)/(-56) + 21/(-20))*10. Let f(q) = q**2 + 11*q - 11. Calculate f(x).
-35
Let u(g) = 24*g - 9. Let i(z) = 20*z - 8. Let q(n) = 5*i(n) - 4*u(n). Give q(7).
24
Let t(j) be the third derivative of -j**6/120 + j**5/15 + j**4/6 - 5*j**3/3 + 35*j**2. What is t(4)?
6
Let u be (-3 - 13/(-2)) + 12/(-8). Suppose 0 = 2*x + v - 2 - 2, 0 = u*x - 3*v - 12. Let c(j) = -j**2 - 3*j - 1. Calculate c(x).
-19
Let b = 23 + 2. Let i = -29 + b. Let d(v) = v + 2. Determine d(i).
-2
Suppose u = -u + 2. Let r be -2 + -3 + 0 + u. Let m(k) be the third derivative of k**6/120 + k**5/20 - k**4/8 + k**3/3 + 6*k**2. Determine m(r).
-2
Let f(y) = 11*y**2 - 13*y + 15. Let o(j) = -9*j**2 + 12*j - 12. Let m(k) = 3*f(k) + 4*o(k). What is m(6)?
-57
Let r = 136 - 136. Let l(h) = 4*h**2 - 2*h - 1. Let u(z) = 11*z**2 - 5*z - 2. Let a(i) = 8*l(i) - 3*u(i). Determine a(r).
-2
Let i(j) be the second derivative of -j**3/6 + 7*j**2/2 + 258*j. Calculate i(3).
4
Let n(m) = -m**3 + 4*m**2 + 5*m - 3. Let s be (-10)/(-15) - 2/3. Let a(z) = z**2 + 5*z + 5. Let p be a(s). Calculate n(p).
-3
Let g = -115 + 126. Let w(h) = h - 10. Calculate w(g).
1
Let o(m) be the second derivative of -m**4/12 + 4*m**3/3 - 5*m**2 - 340*m. Determine o(7).
-3
Let q(n) = n**3 - 3*n**2 + 3*n. Suppose 43 = 15*i - 2. What is q(i)?
9
Let l(b) be the third derivative of -24*b**2 + 1/12*b**4 + 0*b + 0 + 0*b**3. Determine l(2).
4
Suppose 3*p + 8 = -g - 1, -5*g + 10 = 4*p. Let v be ((-10)/4 + -1)*-2. Let c(f) = 6 - v*f**2 - 1 - 6*f + 0*f**2 + 2*f**2 + f**3. Determine c(g).
5
Let x(u) = 8*u**3 + 4*u**2 - 5*u + 2*u + 6*u + 4 - 7*u**3. What is x(-3)?
4
Let w(r) be the third derivative of -r**6/360 + r**5/30 + 5*r**4/24 - 27*r**2. Let a(f) be the second derivative of w(f). Calculate a(7).
-10
Suppose 3 = 3*z - 3. Let p(q) = 5*q**2 + z*q**2 - 2*q**2. Calculate p(-1).
5
Let s(d) be the second derivative of -d**5/20 + 9*d**4/4 + d**3/6 - 33*d**2/2 + 3*d + 1. Calculate s(27).
-6
Let w(u) = u**3 - 5*u**2 + 2*u - 2. Let j = -7 - -10. Suppose 5*h + 82 = j*x, 5*x + 37 = 5*h + 177. Suppose -2*l + x = 5*d, -16 = -4*d - 3*l + 10. What is w(d)?
8
Suppose -4*n = -5*b + 10, -2*b = -n - 0*n - 1. Let o(k) = k**3 + 4*k**2 - 6*k + 2. What is o(n)?
7
Let i(a) be the second derivative of a**3/6 + a. Let l(y) be the third derivative of y**5/30 + y**4/6 - 5*y**3/3 + 2*y**2 + 9. Let v be l(2). Wh